
True
Is 397 a factor of 637342?
False
Is 9 a factor of 998406?
True
Is 5261040 a multiple of 240?
True
Does 45 divide 4831903?
False
Is 9 a factor of 365166?
True
Is 269 a factor of 51981?
False
Is 234 a factor of 598530?
False
Is 641 a factor of 2601819?
True
Does 113 divide 4513785?
True
Is 52 a factor of 85176?
True
Is 5 a factor of 844830?
True
Is 351330 a multiple of 245?
True
Is 4728915 a multiple of 621?
True
Does 16 divide 2080?
True
Is 922740 a multiple of 21?
True
Is 4254910 a multiple of 470?
True
Does 14 divide 772884?
True
Is 1378566 a multiple of 49?
True
Is 4454744 a multiple of 14?
True
Is 346 a factor of 218943?
False
Is 142 a factor of 7109427?
False
Is 2463352 a multiple of 309?
False
Does 15 divide 1700465?
False
Is 381942 a multiple of 594?
True
Is 224185 a multiple of 30?
False
Does 652 divide 562676?
True
Does 307 divide 46971?
True
Does 55 divide 128480?
True
Is 200270 a multiple of 10?
True
Is 4798 a multiple of 44?
False
Is 12 a factor of 120107?
False
Is 568192 a multiple of 265?
False
Is 2034312 a multiple of 84?
True
Is 4 a factor of 1064898?
False
Is 13 a factor of 802061?
True
Is 132 a factor of 206052?
True
Is 5783555 a multiple of 1083?
False
Is 122112 a multiple of 36?
True
Is 12556 a multiple of 6?
False
Is 314 a factor of 225652?
False
Does 49 divide 209524?
True
Is 4 a factor of 546662?
False
Is 12 a factor of 17300738?
False
Is 41612 a multiple of 55?
False
Does 581 divide 1645973?
True
Is 73021 a multiple of 4?
False
Does 89 divide 2462808?
True
Is 238749 a multiple of 22?
False
Does 14 divide 896504?
True
Does 100 divide 139888?
False
Does 34 divide 17918?
True
Is 682588 even?
True
Is 10095359 a multiple of 309?
False
Does 34 divide 149541?
False
Is 13 a factor of 232960?
True
Is 61086 a multiple of 54?
False
Is 5410144 a multiple of 17?
False
Does 60 divide 138353?
False
Does 22 divide 4304336?
False
Is 395266 a multiple of 2?
True
Does 179 divide 212829?
False
Does 526 divide 1028330?
True
Does 13 divide 198874?
True
Is 445800 a multiple of 30?
True
Is 11 a factor of 17798?
True
Is 14 a factor of 11212574?
False
Is 135325 a multiple of 7?
False
Is 3 a factor of 288592?
False
Does 59 divide 5651020?
True
Is 87 a factor of 5094024?
True
Does 6 divide 2517402?
True
Is 6726081 a multiple of 11?
False
Does 35 divide 288843?
False
Is 14 a factor of 5837562?
False
Is 413 a factor of 2671697?
True
Is 17 a factor of 4252593?
False
Is 193000 a multiple of 5?
True
Does 166 divide 1619819?
False
Does 9 divide 223236?
True
Is 72 a factor of 2600933?
False
Does 10 divide 121251?
False
Is 2906010 a multiple of 15?
True
Is 701397 a multiple of 118?
False
Is 15197334 a multiple of 501?
True
Is 45 a factor of 166174?
False
Is 96581 a multiple of 363?
False
Does 23 divide 172845?
True
Is 363 a multiple of 20?
False
Is 273 a factor of 141923?
False
Is 663228 a multiple of 207?
True
Does 89 divide 30415?
False
Is 236016 a multiple of 264?
True
Is 15 a factor of 182215?
False
Is 8029440 a multiple of 1280?
True
Does 21 divide 2668?
False
Is 19 a factor of 692745?
False
Is 188860 a multiple of 20?
True
Is 55 a factor of 1884216?
False
Is 90331 a multiple of 27?
False
Is 26003 even?
False
Does 17 divide 2595373?
True
Is 17741030 a multiple of 790?
True
Is 5 a factor of 234445?
True
Is 4165936 a multiple of 664?
True
Is 702 a factor of 873953?
False
Does 3 divide 159822?
True
Is 19250541 a multiple of 230?
False
Does 35 divide 436883?
False
Does 39 divide 1351166?
False
Does 1313 divide 4173287?
False
Does 53 divide 34692634?
True
Is 5918975 a multiple of 425?
True
Does 128 divide 1190272?
True
Is 8340226 a multiple of 12?
False
Is 65274 a multiple of 11?
True
Is 431 a factor of 5409775?
False
Is 20 a factor of 1737998?
False
Is 4110226 a multiple of 17?
True
Is 136308 a multiple of 614?
True
Is 140241 a multiple of 400?
False
Is 553105 a multiple of 353?
False
Is 29 a factor of 334273?
False
Is 208 a factor of 4638192?
True
Is 5 a factor of 1584062?
False
Is 5646 a multiple of 134?
False
Is 327456 a multiple of 108?
True
Is 128874 a multiple of 457?
True
Is 24 a factor of 5259401?
False
Does 10 divide 1023464?
False
Is 4 a factor of 674120?
True
Is 6 a factor of 1697796?
True
Does 82 divide 146042?
True
Is 201 a factor of 271953?
True
Does 453 divide 1211775?
True
Is 15288 a multiple of 39?
True
Does 10 divide 864704?
False
Does 27 divide 150255?
True
Is 19358 a multiple of 2?
True
Is 100 a factor of 1495300?
True
Does 17 divide 3972906?
False
Does 60 divide 10306?
False
Is 5 a factor of 251816?
False
Does 21 divide 1275789?
False
Does 107 divide 3120224?
False
Does 18 divide 438341?
False
Is 1701339 a multiple of 510?
False
Does 4 divide 1136050?
False
Is 49422 a multiple of 41?
False
Is 910 a factor of 1436748?
False
Is 15 a factor of 419955?
True
Does 813 divide 902988?
False
Is 3898912 a multiple of 32?
True
Is 386 a factor of 762967?
False
Is 8 a factor of 859184?
True
Is 226290 a multiple of 19?
True
Is 234 a factor of 1324440?
True
Is 560 a factor of 4014080?
True
Does 69 divide 319886?
False
Is 4 a factor of 671040?
True
Is 1468166 a multiple of 121?
False
Is 103824 a multiple of 63?
True
Is 92 a factor of 112784?
False
Does 87 divide 190990?
False
Is 1465570 a multiple of 629?
True
Is 327828 a multiple of 17?
True
Is 22912 a multiple of 128?
True
Does 48 divide 52704?
True
Does 136 divide 7890720?
True
Does 118 divide 43424?
True
Is 1039 a factor of 5039150?
True
Is 80 a factor of 2611120?
True
Does 451 divide 883997?
False
Is 71 a factor of 661759?
False
Does 1649 divide 2489063?
False
Is 39204 a multiple of 3?
True
Is 12398299 a multiple of 719?
False
Does 66 divide 1369038?
True
Is 173897 a multiple of 43?
False
Does 229 divide 10114243?
True
Does 22 divide 5868280?
True
Is 780 a factor of 18709860?
True
Is 22 a factor of 31533634?
True
Is 97 a factor of 158498?
True
Does 455 divide 37310?
True
Does 277 divide 627128?
True
Is 15 a factor of 4935472?
False
Is 956550 a multiple of 6?
True
Is 8788251 a multiple of 7?
False
Is 58 a factor of 21711?
False
Is 200000 a multiple of 4?
True
Is 53647 a multiple of 14?
False
Is 342 a factor of 21777799?
False
Is 28858284 a multiple of 92?
True
Does 3 divide 19844?
False
Is 214 a factor of 353444?
False
Is 691 a factor of 763549?
False
Is 54 a factor of 140925?
False
Is 7 a factor of 463832?
False
Is 827604 a multiple of 474?
True
Is 71964 a multiple of 4?
True
Is 245680 a multiple of 83?
True
Does 9 divide 17532?
True
Is 685 a factor of 25546390?
True
Is 288495 a multiple of 688?
False
Is 9371142 a multiple of 141?
True
Does 115 divide 221748?
False
Does 12 divide 2210551?
False
Does 412 divide 971908?
True
Does 17 divide 66555?
True
Does 255 divide 2628030?
True
Is 45 a factor of 5576355?
True
Does 365 divide 845291?
False
Does 4 divide 71971?
False
Is 5242540 a multiple of 1073?
False
Is 18 a factor of 1638205?
False
Is 138763 a multiple of 10?
False
Is 30 a factor of 346532?
False
Does 248 divide 4679830?
False
Is 50836 a multiple of 223?
False
Is 40 a factor of 370160?
True
Does 80 divide 29300960?
True
Does 3 divide 74918?
False
Is 52 a factor of 746668?
True
Is 64 a factor of 1893047?
False
Does 311 divide 81808?
False
Does 26 divide 121794?
False
Is 28 a factor of 2099745?
False
Does 6 divide 2444497?
False
Is 743 a factor of 10384911?
True
Is 342 a factor of 233928?
True
Does 25 divide 2034461?
False
Is 1195765 a multiple of 205?
True
Does 15 divide 12899930?
False
Is 63763 a multiple of 30?
False
Is 276 a factor of 1153680?
True
Is 3540668 a multiple of 233?
True
Is 165908 a multiple of 74?
True
Is 236046 a multiple of 12?
False
Is 452237 a multiple of 79?
False
Is 144 a factor of 619344?
True
Is 334036 a multiple of 148?
True
Is 321264 a multiple of 5?
False
Does 136 divide 1275816?
True
Does 12 divide 5042184?
True
Is 1516800 a multiple of 12?
True
Is 402240 a multiple of 15?
True
Is 29493 a multiple of 9?
True
Is 13 a factor of 2943720?
True
Is 419034 a multiple of 231?
True
Is 15 a factor of 263610?
True
Is 89257 a multiple of 261?
False
Is 76 a factor of 74347?
False
Is 534870 a multiple of 45?
True
Is 12 a factor of 503588?
False
Is 6 a factor of 269622?
True
Is 386 a factor of 865412?
True
Does 41 divide 6786476?
False
Does 516 divide 1855020?
True
Does